 = 1 - 1. Suppose u = 21*f - 24*f - 9. What is the units digit of (-1)/f - 663/(-9)?
4
Let f = 61920 - 44053. What is the thousands digit of f?
7
Let y(j) = -79*j**3 + 20*j**2 - 9*j - 49. What is the hundreds digit of y(-5)?
3
Suppose 2*f = -f + 561. Suppose -3 = -3*x, -410 = -2*o - 5*x + f. What is the units digit of (o/(-6))/(2/(-3))?
4
What is the units digit of (-177)/((-17)/((-112574)/(-33)))?
8
Let p(q) = -q**2 + 15*q - 5. Let b be p(4). Let c(j) = j - 10. Let w be c(13). Suppose r - f = 178, -w*f = -r + b + 135. What is the tens digit of r?
8
Let b(h) = -34*h**3 + h**2 + 2*h - 1. Let y be b(4). Let i = -1453 - y. What is the units digit of i?
0
Let o(x) = -86*x**3 + 5*x**2 - 3*x - 110. What is the thousands digit of o(-7)?
9
Suppose -153*g + 15984 = -145*g. Suppose 0 = 6*r - g - 1170. What is the units digit of r?
8
Let x(y) = 2*y**2 + 8*y + 970. Let h be x(0). Suppose -3*s + h = -5*m, 3*s - 9*m - 935 = -11*m. What is the tens digit of s?
1
Let z = 5349 - -412. What is the hundreds digit of z?
7
Let c = 19 - 11. Suppose 135 = -c*q - q. What is the units digit of 104/3*q/(-4)?
0
Suppose 0 = 28*y + 211387 - 832763. What is the thousands digit of y?
2
Suppose 574 = 28*u - 378. Let k(q) = -q**3 + 37*q**2 - 74*q - 75. What is the hundreds digit of k(u)?
8
Let w(b) = 5*b**2 + 31*b + 1485. What is the thousands digit of w(-26)?
4
Let s = 14635 + -2819. What is the tens digit of s?
1
Suppose 2*o + 3*w = 10777 + 46815, 2*w - 143980 = -5*o. What is the tens digit of o?
9
Let i = -299 - -304. What is the hundreds digit of (1 - 5)/(2*i/(-1790))?
7
What is the tens digit of (-96)/(-24) - ((-5960)/(-15))/(2/(-12))?
8
Let k be (4 + -10)/((-12)/(-376)). Let p = k - -479. What is the units digit of p?
1
Let b(i) = -24*i + 1. Let z be b(-1). Let x be ((-21)/(-7) - 1)*-7. Let t = z + x. What is the tens digit of t?
1
Suppose 0 = 364*j - 360*j + 5*d - 53400, -3*d + 40050 = 3*j. What is the ten thousands digit of j?
1
Let o be (3/1)/((-174)/(-78) + -2). Let t be (1/2 + 0)/(o/2106). What is the units digit of (-7)/(1 - 84/t)?
9
Let f(r) = r**2 + 4. Let t be f(4). Let w = t - 24. What is the hundreds digit of (99 + w/(-2))/(2 + -1)?
1
Let p(n) = 723*n**3 - 6*n**2 - 8*n + 3. Let l be p(-3). What is the tens digit of (0 - -1)/((-27)/l)?
2
Let i(a) = a**3 - 2*a**2 + 4*a - 1. Let t be i(2). Suppose -3917 = -t*j + 6828. What is the tens digit of j?
3
Suppose -127760 = -5*x - 17*r + 18*r, -2*x + 3*r = -51104. What is the thousands digit of x?
5
Suppose 21*h + 276 = 33*h. Let y(c) = c**3 - 19*c**2 - 75*c + 34. What is the hundreds digit of y(h)?
4
Let z(b) = -b - 13. Let n be z(-20). Let c = -7 + n. Suppose c = -4*u, -2*f = -u - 181 - 121. What is the units digit of f?
1
Suppose 7*y - 16443 = -14*y. Suppose -8*m + y = -1249. What is the hundreds digit of m?
2
What is the tens digit of (-3)/6*(240774/9)/(49/(-147))?
2
Suppose z - 3505 = 1417. What is the thousands digit of z?
4
Suppose -1743916 - 416715 = -103*f. What is the ten thousands digit of f?
2
What is the tens digit of (-8399908)/(-484) + 7/(231/(-6))?
5
Let y(f) = 54*f**2 + 65*f - 29. What is the units digit of y(-9)?
0
Let u be (-2)/(-1) - (22 + 184). Let n = u - -506. What is the tens digit of n?
0
Let h(i) = 364*i + 876. What is the units digit of h(26)?
0
Let v = 170 + -190. What is the tens digit of (v + 0)/(60/(-270))?
9
Let v = -3 - -9. Suppose 447 - 87 = v*g. What is the hundreds digit of ((-10)/g - 38/6)*-46?
2
Let l(r) = -237 - r + 4*r**2 + 234 + 2*r. Let i be l(1). What is the tens digit of (1 + 0)/(4024/2008 - i)?
5
Suppose -3*b - 6 = -3*r - 39, -4*r = -b + 47. Let q be 8/r - (-431)/3. Let g = q + -79. What is the tens digit of g?
6
Let m(x) = -4*x + 6. Let w = -394 + 395. What is the units digit of m(w)?
2
Let b(p) = p**3 - 11*p**2 + 2*p + 15. Let s be b(11). Suppose -5*o = 2*a - 21, 5*a - 3*o + 0 - s = 0. Suppose a*w - 7*w - 82 = 0. What is the units digit of w?
2
Let p(g) = -3*g + 5. Let i be p(8). Suppose -y + 48 = -5*n, -9*y + 14*y - 320 = 5*n. Let h = i + y. What is the tens digit of h?
4
Let s(k) = 97*k**2 - 5*k + 7. Suppose -3*c + 11 = -l, -4*c - 31*l + 33 = -36*l. What is the tens digit of s(c)?
8
What is the thousands digit of ((-19908)/(-63))/((-2)/(-29))?
4
Let l = 113 + -60. Let k = l + -17. Suppose 3*a + k = y, 3*y = -2*a + 6 + 58. What is the tens digit of y?
2
Let t = -1786 - -2616. Suppose 5*o - 885 = 3*z + t, 5*o = -5*z + 1715. What is the units digit of o?
3
Let x(l) = 2*l**2 - 30*l - 738. What is the hundreds digit of x(42)?
5
Let w(p) = 329*p + 852. What is the tens digit of w(74)?
9
What is the tens digit of (-15)/(20148/(-1184) - -17)?
8
Suppose 0 = 2055*g - 2051*g - 4*h - 53768, 5 = 5*h. What is the ten thousands digit of g?
1
What is the hundreds digit of -14*(-18 + 7581/(-42))?
7
Let k be (-1)/4 - 883/4. Let m(b) = -42*b + 38. Let g be m(4). Let n = g - k. What is the units digit of n?
1
Let p = 43 - 26. Let b(f) = 2*f**2 - 19*f - 107. What is the tens digit of b(p)?
4
Let a = -1514 + 12957. What is the thousands digit of a?
1
Suppose 216*m + w = 215*m + 50415, -3*w - 201604 = -4*m. What is the units digit of m?
7
Suppose -5*u - 5*g - 1260 = 0, 4*g = 4*u - 423 + 1439. Let k = -38 + u. Let q = k + 491. What is the units digit of q?
0
Let w(z) = -2*z**2 + 7*z + 52. Let b = -122 - -117. Let p(x) = -x**2 + 3*x + 27. Let a(f) = b*p(f) + 2*w(f). What is the units digit of a(-9)?
9
Let m be ((-3672)/20)/((-12)/10 + 1). Suppose 0 = -2*t - 2*s + 366, -2*t + 4*s = -7*t + m. What is the hundreds digit of t?
1
Suppose -21*n = -84071 - 170323. What is the ten thousands digit of n?
1
Let z(v) = -4*v**2 - 93*v - 9. Let f(u) = -2*u**2 - 45*u - 4. Let h(k) = -5*f(k) + 2*z(k). What is the tens digit of h(11)?
7
Suppose 3*x - 427 = 2*r, -61*r + 56*r - x = 1059. What is the units digit of (-15317)/r*24/2?
7
Let c(j) = 620*j - 730. Let v(g) = 23*g - 27. Let d = 65 + -10. Let o(w) = d*v(w) - 2*c(w). What is the tens digit of o(5)?
0
Let i be -4 - 997/(-4) - 1/4. Let p = 1450 - i. Suppose -36*s + 31*s + p = 0. What is the hundreds digit of s?
2
Let n(m) = m - 7. Let f = -115 - -123. Let d be n(f). What is the units digit of 2*6/(-12)*(-45 + d)?
4
What is the tens digit of (2*125/25)/((-3)/(-705))?
5
Let s(w) = -40*w - 160. Let a(u) = 3. Let y(k) = 4*a(k) + s(k). What is the tens digit of y(-9)?
1
Let v = -39753 - -106029. What is the thousands digit of v?
6
Let j be 13/2 + (0 - (-9)/(-6)). Suppose 6*g = 4*g - 2*h + 74, -j*g = h - 197. Let d = 48 - g. What is the units digit of d?
8
Let p = 597 - 574. Suppose -3261 = -p*a + 20*a. What is the thousands digit of a?
1
Suppose d - 40*l - 32204 = -41*l, -5*d + l = -160966. What is the thousands digit of d?
2
Let t(k) = -k**3 - 39*k**2 - 55*k - 111. Let x(h) = 10*h + 12. Let c be x(-5). What is the tens digit of t(c)?
3
Let l(o) = 1283*o**2 - 125*o - 489. What is the thousands digit of l(-8)?
2
Suppose -4*w + 272 = -4*y, 2*w - 33 = y + 35. Let d = y + 68. Suppose -3*b + 123 + 66 = d. What is the units digit of b?
3
Let h(l) = -1103*l - 4437. What is the ten thousands digit of h(-15)?
1
Suppose -m = -r - 9, -7 - 10 = -2*m + 3*r. Let t be (552/m)/((-3)/(-15)). What is the units digit of (-14)/35 - (2 - t/15)?
6
Let f be 10/4 - (-9)/6. Suppose -5*t + f*s = -994, -5*t + 394 = -s - 612. What is the units digit of t?
2
Let u(n) = 12*n + 1. Suppose 11*c = 12*c - 3. Suppose -5*b + 35 = 5*w, 3*w - 6*b = -3*b + c. What is the units digit of u(w)?
9
Let w = -171 - -173. What is the units digit of w/(12/147)*(-20 + 42)?
9
Let v(z) be the second derivative of -10*z**3/3 + 7*z**2/2 - 2*z - 10. What is the units digit of v(-22)?
7
Suppose 9*x + 130 = 4*x. Let i = x + 27. Let a = i - -51. What is the units digit of a?
2
Let i(p) = -8*p - 25. Let j be 575/(-7) + 2/14. Let r = j + 74. What is the units digit of i(r)?
9
Let f = -1796 - -2284. What is the hundreds digit of f?
4
Suppose -14*u + 666119 = 26*u - 1810041. What is the hundreds digit of u?
9
Suppose 3*y - 3*x + 32522 = 8*y, 26004 = 4*y - x. What is the hundreds digit of y?
5
Let l = 103 + -98. Suppose 0 = l*b + 15, -r + 4*b = -2*r - 5. Suppose -2*j + r*j - 690 = 0. What is the tens digit of j?
3
What is the hundreds digit of (-8)/10 - (-7738)/10?
7
Let v(j) = 851*j**2 + 10*j + 103. What is the units dig